
Let j(u) = u**3 - 7*u**2 + 12*u - 8. Calculate j(6).
28
Let b(r) = -12*r**3 - 48*r**2 + 53*r + 213. What is b(-4)?
1
Let r(n) = 86*n + 233. Calculate r(-4).
-111
Let i(z) = -z**3 + 64*z**2 - 60*z + 107. Give i(63).
296
Let f(q) = 3*q**3 - 3*q**2 + 6*q - 19. Calculate f(5).
311
Let u(f) = -2*f**2 + 97*f + 222. Determine u(48).
270
Let s(v) = 27*v**2 - 9*v - 2. Calculate s(6).
916
Let o(c) = -6*c**2 + 130*c - 22. Determine o(22).
-66
Let a(v) = 20*v**3 + 3*v**2 + 4*v + 2. Determine a(-1).
-19
Let s(m) = -348*m - 12869. Calculate s(-37).
7
Let h(z) = -3*z**3 - 62*z**2 - 17*z - 81. Calculate h(-20).
-541
Let x(l) = 38*l - 2. Calculate x(0).
-2
Let w(s) = 142*s + 7531. Calculate w(-53).
5
Let x(c) = -426*c**2 + 5*c + 5. What is x(-1)?
-426
Let g(z) = z**3 + 52*z**2 - 31*z + 1167. Calculate g(-53).
1
Let h(w) = -4*w**3 - w**2 + 4*w + 1. Determine h(-2).
21
Let j(p) = 5*p**3 - 2*p**2 + p. Calculate j(-2).
-50
Let p(k) = k**2 + 43*k - 61. Determine p(-33).
-391
Let b(a) = 93*a**2 - 843*a + 24. Determine b(9).
-30
Let p(i) = 2*i**2 + 133*i - 1644. Give p(-77).
-27
Let o(q) = -1030*q + 5157. Determine o(5).
7
Let p(m) = -m**3 + 5*m**2 + 17*m - 106. What is p(5)?
-21
Let l(p) = 4*p - 288. What is l(21)?
-204
Let o(g) = -9*g**2 - 14*g - 23. Calculate o(-2).
-31
Let l(r) = -r**3 + 23*r**2 - 86*r + 195. Determine l(19).
5
Let x(t) = 11*t**3 + t**2 - 7*t - 12. Calculate x(-4).
-672
Let q(g) = 235*g + 118. What is q(2)?
588
Let t(c) = 53*c - 464. Determine t(15).
331
Let o(u) = 6*u**3 - 18*u + 153. Give o(0).
153
Let z(r) = -28*r - 2. Determine z(0).
-2
Let q(h) = h**3 + 21*h**2 + 46*h + 130. Calculate q(-19).
-22
Let d(o) = -o**3 + 12*o**2 + 14*o - 12. Calculate d(13).
1
Let d(f) = f**3 + 15*f**2 - 57*f - 31. What is d(-18)?
23
Let p(u) = 113*u - 1028. Give p(10).
102
Let p(z) = -631*z + 1886. Calculate p(3).
-7
Let c(s) = -s**3 + 72*s**2 + 924*s + 132. Determine c(-11).
11
Let m(d) = -2*d**3 + 18*d**2 + 72*d + 16. Determine m(12).
16
Let p(b) = -2*b**2 - 43*b + 631. Give p(10).
1
Let j(x) = 170*x - 861. What is j(6)?
159
Let v(q) = q**3 - 69*q**2 + 48*q + 5751. Calculate v(67).
-11
Let o(g) = 65*g**2 + 272*g + 15. Determine o(-4).
-33
Let i(g) = 3*g - 40. Give i(14).
2
Let r(p) = -2*p**2 + 34*p + 1041. Give r(33).
-15
Let z(o) = 6*o**3 + 434*o**2 + 150*o + 444. Give z(-72).
12
Let f(r) = -13*r + 127. What is f(8)?
23
Let c(m) = -m**3 + 60*m**2 + 12*m - 710. Give c(60).
10
Let c(i) = -i**2 + 62*i + 74. Calculate c(0).
74
Let z(h) = 629*h - 40878. Calculate z(65).
7
Let k(j) = -3*j**2 - 49*j - 119. What is k(-13)?
11
Let q(a) = -161*a - 7. What is q(-1)?
154
Let l(c) = 893*c - 3365. Calculate l(4).
207
Let u(s) = -81*s**3 + 5*s**2 - s - 2. Calculate u(1).
-79
Let o(t) = -t**3 - 6*t**2 - 11*t - 17. Calculate o(-6).
49
Let g(i) = -11*i - 272. Determine g(-16).
-96
Let g(r) = 3*r**3 - 10*r**2 + 24*r - 8. What is g(7)?
699
Let u(w) = -2*w + 693. Give u(46).
601
Let l(o) = -15*o**3 + 3*o**2 + 109*o + 105. Calculate l(-1).
14
Let i(j) = 57*j - 2181. Calculate i(38).
-15
Let l(p) = -p**3 - 18*p**2 + 180*p + 860. Calculate l(-24).
-4
Let y(n) = -n**2 - 451*n - 19348. What is y(-48)?
-4
Let h(u) = 3*u**3 + 391*u**2 + 125*u - 616. Determine h(-130).
34
Let b(r) = r**3 - 24*r**2 - 106*r - 180. Give b(28).
-12
Let f(x) = 3*x + 14. What is f(-7)?
-7
Let h(w) = -4*w**2 + 85*w + 1007. Calculate h(-9).
-82
Let f(d) = -d**3 - 67*d**2 + 361*d + 64. What is f(-72)?
-8
Let f(x) = -x**2 + 23*x - 32. Calculate f(21).
10
Let c(r) = -53*r**2 + r - 151. What is c(0)?
-151
Let k(s) = -3*s**2 - 170*s + 2712. Determine k(13).
-5
Let s(m) = -m**3 - 30*m**2 - 16*m + 100. Calculate s(-29).
-277
Let v(z) = z - 45. Give v(10).
-35
Let h(q) = -2*q**2 + 12*q + 17. Calculate h(7).
3
Let m(x) = 4*x**3 + 10*x**2 + 2*x - 2. What is m(-2)?
2
Let d(g) = -4*g**2 - 746*g - 6399. What is d(-9)?
-9
Let g(d) = -11*d**2 + 278*d + 1620. Determine g(-5).
-45
Let n(a) = a**3 + 20*a**2 + 96*a + 3087. What is n(-22)?
7
Let z(y) = 143*y - 1371. Determine z(10).
59
Let b(l) = -25*l**2 - 22*l - 6. Calculate b(5).
-741
Let c(y) = 46*y - 136. Calculate c(3).
2
Let g(h) = h**2 + 63*h + 859. What is g(-18)?
49
Let a(n) = 200*n + 1262. Give a(-6).
62
Let n(o) = -3*o**2 - 128*o - 81. What is n(-41)?
124
Let d(h) = 18*h - 862. Determine d(36).
-214
Let l(w) = -w**3 - 18*w**2 + 276*w + 43. Calculate l(10).
3
Let t(o) = o**3 - 20*o**2 - 26*o + 128. What is t(21)?
23
Let v(i) = -i**3 - 10*i**2 + 9*i + 21. What is v(-12)?
201
Let x(b) = -11*b - 240. Determine x(-20).
-20
Let x(r) = -32*r + 625. Calculate x(20).
-15
Let g(v) = -v**2 - 40*v + 5539. What is g(57)?
10
Let o(q) = 94*q + 1699. Calculate o(-18).
7
Let n(t) = 34*t**3 + 238*t**2 + 3. Determine n(-7).
3
Let m(h) = -75*h**2 - 271*h + 139. Calculate m(-4).
23
Let b(d) = d**3 + 103*d**2 - 96*d + 972. Calculate b(-104).
140
Let q(z) = -41*z + 3646. What is q(88)?
38
Let q(t) = 6*t**3 - t**2 + 69*t + 135. What is q(-2)?
-55
Let r(k) = -k**3 + 101*k**2 - 1144*k + 1. Determine r(88).
1
Let c(z) = -z**2 + 69*z - 171. Calculate c(68).
-103
Let t(q) = 2*q**2 + 579*q + 8489. Calculate t(-274).
-5
Let j(k) = -k**2 + 102*k - 2603. Calculate j(54).
-11
Let u(s) = 9*s**2 - 748*s + 1496. Determine u(81).
-43
Let u(p) = 2*p**3 - 23*p**2 + 17*p + 6. Give u(10).
-124
Let y(h) = 11*h - 15. What is y(-40)?
-455
Let h(y) = 2407*y - 31296. Determine h(13).
-5
Let t(l) = -l**2 - 84*l - 265. Determine t(-76).
343
Let t(s) = 43*s - 3029. Calculate t(72).
67
Let o(n) = 1276*n + 53595. Give o(-42).
3
Let q(m) = -5*m**3 - 607*m**2 + 366*m - 11. What is q(-122)?
-11
Let i(f) = f**2 - 15*f - 101. What is i(-5)?
-1
Let u(s) = -56*s + 450. Calculate u(15).
-390
Let j(u) = -u**2 - 4*u + 52. Calculate j(-16).
-140
Let k(d) = d**2 - 23*d + 566. Calculate k(0).
566
Let z(g) = -g**2 + 142*g + 1727. Give z(-12).
-121
Let v(b) = b**2 - 2733*b - 35696. Give v(-13).
2
Let b(h) = -128*h + 149. Determine b(1).
21
Let a(v) = -13*v**2 + 20*v - 52. What is a(-5)?
-477
Let f(r) = -r**2 + 74*r - 1373. Determine f(35).
-8
Let f(b) = -4*b**3 + 6*b**2 - 15*b - 3. Calculate f(4).
-223
Let f(r) = -92*r + 2987. Calculate f(33).
-49
Let o(x) = x**2 + 35*x - 293. What is o(-43)?
51
Let o(z) = z**2 + 3*z - 58. What is o(14)?
180
Let l(i) = -11*i**3 - 1573*i**2 - 4*i - 580. Give l(-143).
-8
Let b(x) = -x**3 - 8*x**2 + 35*x - 9. Determine b(-11).
-31
Let l(b) = -b**2 + 4*b + 20. Determine l(11).
-57
Let f(a) = -97*a + 803. What is f(7)?
124
Let i(w) = 2*w**3 + 27*w**2 + 94*w + 27. Determine i(-8).
-21
Let a(w) = 2*w**3 + 19*w**2 - 237*w + 38. Give a(7).
-4
Let d(g) = g**3 - 6*g**2 - 102*g - 8. What is d(0)?
-8
Let q(g) = 3*g**2 - 28*g + 94. Determine q(4).
30
Let p(r) = -17*r - 20. Calculate p(-1).
-3
Let f(q) = -4*q**2 - 10*q + 12. Give f(-6).
-72
Let b(x) = -x**3 + 12*x**2 - 32*x - 36. Give b(7).
-15
Let k(o) = -143*o**2 - 1859*o + 4. Give k(-13).
4
Let r(g) = 2*g**2 - 105*g + 1297. Give r(33).
10
Let t(g) = -3*g**2 + 8*g - 28. What is t(4)?
-44
Let a(u) = -933*u + 3433. Calculate a(4).
-299
Let w(h) = -16220*h + 16220. Give w(1).
0
Let l(c) = 2*c**3 - 10*c**2 - 2*c + 46. What is l(4)?
6
Let o(x) = 14*x**2 - 671*x - 2914. Give o(-4).
-6
Let q(a) = a**3 - 260*a**2 - 254*a - 1834. Determine q(261).
-7
Let a(l) = -4*l - 118. What is a(-6)?
-94
Let v(f) = f**2 + 139*f + 4181. Give v(-45).
-49
Let t(m) = m**2 + 144*m + 66. Give t(0).
66
Let n(a) = -26*a + 48. Calculate n(-11).
334
Let o(s) = -3*s**2 + 21*s - 88. Calculate o(9).
-142
Let u(i) = -79*i + 11. Calculate u(1).
-68
Let d(z) = -z**3 - 12*z**2 - 29*z + 28. Determine d(-9).
46
Let c(s) = 3*s**2 - 10*s - 125. Calculate c(-9).
208
Let d(c) = 36*c**3 + 2*c**2 + 101*c + 98. Give d(-1).
-37
Let z(b) = -b**3 + 10*b**2 - 38*b - 41. What is z(5)?
-106
Let y(z) = -4*z**3 - 27*z**2 - 43*z + 16. Give y(-3).
10
Let x(j) = -j**2 - 3463*j + 41711. Calculate x(12).
11
Let p(y) = 8*y**3 + 2*y**2 - 12*y + 6. What is p(0)?
6
Let u(g) = g**2 - 56*g - 17. Calculate u(0).
-17
Let l(g) = -7*g - 610. Determine l(-27).
-421
Let o(q) = 12*q**2 - 12*q - 35. What is o(4)?
109
Let i(v) = -7*v + 343. What is i(55)?
-42
Let s(c) = 31*c - 39. Give s(2).
23
Let n(q) = -130*q**2 + 11*q - 10. What is n(1)?
-129
Let t(d) = 18*d + 119. Determine t(-6).
11
Let c(g) = 181*g + 5056. Calculate c(-28).
-12